hest common divisor of 121811480 and 180.
20
Calculate the greatest common factor of 13078 and 62601368.
1006
What is the greatest common factor of 4080 and 24293040?
240
Calculate the greatest common factor of 784 and 2979102.
98
Calculate the greatest common factor of 6935446 and 560.
14
Calculate the highest common divisor of 19654770 and 180.
30
Calculate the highest common factor of 46943 and 8788546.
2041
Calculate the greatest common factor of 11490030 and 37410.
1290
What is the greatest common divisor of 20406 and 490818?
1074
Calculate the greatest common factor of 328533788 and 836.
836
Calculate the greatest common divisor of 282 and 66352062.
282
Calculate the highest common divisor of 17605 and 2540.
5
Calculate the highest common divisor of 6620103 and 91.
7
What is the highest common factor of 652 and 24098?
2
What is the greatest common factor of 10415565 and 663750?
2655
What is the highest common factor of 91291506 and 3056?
382
What is the highest common factor of 21 and 68947536?
21
Calculate the greatest common factor of 8121 and 48642083.
2707
What is the greatest common factor of 193472 and 9792?
64
What is the highest common factor of 28518 and 115836?
294
What is the highest common divisor of 16828 and 12796?
28
What is the highest common factor of 35630 and 22820?
70
Calculate the greatest common divisor of 2112 and 172346856.
264
What is the greatest common factor of 1642 and 6192803?
821
What is the highest common factor of 761804232 and 168?
168
What is the highest common divisor of 308600 and 5525?
25
Calculate the highest common divisor of 2829723 and 2041.
13
Calculate the highest common factor of 272 and 4023968.
272
What is the greatest common factor of 63295164 and 1384?
692
What is the greatest common divisor of 10400385 and 15?
15
What is the highest common factor of 122 and 352724753?
61
What is the greatest common divisor of 937 and 706669471?
937
What is the highest common divisor of 40893205 and 61939?
2693
What is the greatest common divisor of 114 and 6381321?
57
Calculate the highest common factor of 1842624 and 256.
64
What is the greatest common factor of 412938 and 3222?
18
What is the greatest common divisor of 15606 and 219164306?
578
What is the highest common factor of 207 and 142991?
23
Calculate the highest common factor of 579 and 19423713.
579
What is the highest common factor of 8267233 and 2262?
377
Calculate the greatest common divisor of 289136281 and 57.
19
What is the highest common factor of 90986 and 2277464?
938
What is the highest common factor of 4655076 and 73261?
1201
What is the highest common factor of 25 and 669562175?
25
Calculate the highest common factor of 242739 and 2709.
63
What is the highest common divisor of 10374519 and 15?
3
What is the highest common factor of 532 and 3594021?
19
What is the highest common factor of 40663287 and 98?
49
Calculate the greatest common divisor of 52128 and 543456.
288
What is the greatest common divisor of 64 and 33230824?
8
What is the highest common divisor of 5782 and 91826?
98
What is the highest common factor of 153160 and 177128?
56
What is the highest common factor of 814 and 872534?
74
Calculate the greatest common divisor of 306 and 34794.
18
Calculate the greatest common divisor of 28 and 12034134.
14
What is the greatest common factor of 109572 and 299874?
138
Calculate the highest common divisor of 12549 and 36237.
141
What is the greatest common factor of 31953662 and 182?
26
Calculate the highest common divisor of 8999030 and 160.
10
What is the highest common divisor of 11050 and 2971345?
1105
Calculate the greatest common factor of 32236985 and 165.
55
What is the highest common factor of 73260 and 348535?
55
What is the highest common divisor of 42 and 2520735?
21
What is the highest common divisor of 1350139857 and 22?
11
What is the highest common divisor of 5043 and 55088051?
1681
Calculate the greatest common factor of 9748 and 895246572.
9748
What is the greatest common divisor of 438745212 and 404?
404
Calculate the highest common divisor of 4585 and 29199245.
655
Calculate the highest common divisor of 192252 and 16887.
1299
Calculate the greatest common factor of 57866652 and 144.
36
What is the highest common divisor of 966 and 44071266?
138
Calculate the highest common factor of 847015 and 35011.
157
Calculate the highest common divisor of 22053132 and 132432.
1068
What is the highest common factor of 74452 and 3374?
14
Calculate the greatest common divisor of 38150 and 102522.
14
Calculate the highest common factor of 2397 and 414613.
17
What is the highest common divisor of 215 and 321015769?
43
Calculate the highest common factor of 238112 and 9254.
14
Calculate the greatest common factor of 68040359 and 873.
97
Calculate the greatest common divisor of 285 and 4566213.
57
What is the greatest common factor of 377307 and 112209?
339
Calculate the highest common factor of 254826664 and 27130.
5426
What is the greatest common factor of 3024896 and 11552?
32
What is the highest common factor of 54 and 57641?
1
Calculate the greatest common divisor of 6024285 and 15.
15
What is the highest common factor of 18 and 31830174?
18
What is the highest common factor of 71018960 and 160?
80
What is the highest common divisor of 3176 and 5502817?
397
Calculate the greatest common divisor of 28475540 and 8340.
2780
Calculate the highest common divisor of 217289 and 1863793.
151
Calculate the greatest common divisor of 41558559 and 61908.
1407
What is the highest common factor of 23104 and 474563?
19
What is the highest common factor of 3434 and 88333186?
202
What is the highest common divisor of 14210061 and 5823?
1941
Calculate the greatest common factor of 17 and 29161766.
17
What is the greatest common divisor of 104614 and 173090?
38
Calculate the highest common factor of 253921083 and 657.
219
What is the greatest common divisor of 195 and 41865330?
195
Calculate the greatest common divisor of 13736 and 82144.
136
Calculate the highest common divisor of 1664460 and 5460.
420
What is the greatest common factor of 16470 and 1279890?
90
What is the greatest common factor of 3716 and 5492?
4
Calculate the highest common divisor of 8114 and 206261937.
4057
What is the highest common factor of 265045 and 20477985?
4345
Calculate the highest common factor of 1100 and 8801350.
50
Calculate the highest common divisor of 40918 and 46189436.
998
Calculate the greatest common factor of 116 and 67104318.
58
Calculate the highest common factor of 30820 and 274620.
460
Calculate the greatest common factor of 11889 and 163382601.
3963
Calculate the highest common factor of 224245 and 314244.
301
What is the highest common factor of 26 and 8474973?
13
Calculate the greatest common factor of 179955 and 7567785.
1935
Calculate the greatest common divisor of 37122 and 1173.
69
What is the highest common divisor of 1496 and 2563022?
374
Calculate the greatest common divisor of 295380 and 10395.
135
Calculate the greatest common factor of 20 and 14310215.
5
What is the greatest common factor of 120513 and 551412?
867
Calculate the greatest common divisor of 3536 and 1007396.
52
Calculate the greatest common factor of 210432 and 1066496.
512
Calculate the highest common divisor of 5408 and 138514688.
416
Calculate the highest common divisor of 26787904 and 26.
26
What is the highest common divisor of 8936200 and 396760?
3640
What is the greatest common factor of 54 and 720618?
6
What is the greatest common factor of 73593269 and 469?
67
Calculate the greatest common divisor of 3975725 and 1352.
169
Calculate the greatest common factor of 7689 and 16221227.
2563
Calculate the greatest common factor of 2362376 and 229714.
694
Calculate the greatest common divisor of 5711575 and 1780.
445
What is the greatest common divisor of 4745 and 1789463?
13
Calculate the greatest common factor of 34938012 and 30797.
2369
Calculate the greatest common divisor of 16399594 and 78608.
9826
What is the highest common factor of 4690311 and 4326?
309
Calculate the greatest common factor of 22057380 and 16.
4
What is the highest common divisor of 536959 and 519023?
1121
Calculate the greatest common factor of 220798 and 11396093.
2083
What is the gre